 - 6*o**2 + o + 4. Calculate x(r).
-16
Let k(t) = -t**2 - 2*t - 4. Let l(b) = -b**2 - 5*b - 7. Let c(g) = -5*k(g) + 3*l(g). Let a = 7 - 3. Calculate c(a).
11
Let o(h) = -2*h + 7. Let c(s) = 2*s - 8. Let q(y) = -4*c(y) - 5*o(y). Suppose 0 = -4*z - 8 - 12. Calculate q(z).
-13
Suppose 3*r + 0*r = 0. Let s = r + 6. Let o(y) = 6 - 26*y**2 + 79*y**2 - 15*y**2 - 15*y**2 - 22*y**2 - 7*y. What is o(s)?
0
Let z(o) be the first derivative of o**3/3 + o**2 - 2*o + 52. Give z(-4).
6
Let i(q) = -q**3 + 5*q**2 - 3*q - 3. Suppose 5*l + 4*f - 98 = 0, -4*l + 74 = -0*l + f. Let p = -3 + l. Suppose 2*n + a - 1 = -0*a, -3*a - p = 0. Determine i(n).
6
Let a = -21 - -25. Let l(z) = 6 - a + 2*z + 0. Determine l(6).
14
Suppose 0 = -r + 4*k - 4 + 15, 5*r - 19 = 2*k. Let d(f) = 5*f + 2 - 5 - 3*f. Calculate d(r).
3
Let s(o) = -o - 7. Let j(b) = 15*b + 192. Let u be j(-13). Calculate s(u).
-4
Suppose -h - 8 = -2. Let z(b) = 4*b**3 - b**2 - b + 1. Let x be z(1). Let o(d) = -12 + x*d - 5*d + d. What is o(h)?
-6
Let r(b) = 3. Let g(o) = -o - 8. Let q(m) = -g(m) - 5*r(m). Calculate q(5).
-2
Let v be (-24)/(-21)*28/8. Suppose -2 = -5*c + 8, -5*n = -v*c - 12. Suppose -12 = n*d - 4. Let j(l) = -l**3 - 3*l**2 - l - 1. Calculate j(d).
-3
Let z(g) = -4*g - 1. Let h(k) = k. Let r(p) = -5*h(p) - z(p). Let b(f) = -f. Let c(v) = 6*b(v) - 5*r(v). What is c(6)?
-11
Let h(d) = d**3 + 4*d**2 - 2*d - 5. Let q be h(-4). Suppose -5*j = q*p + 2, 3*p + p = -2*j - 12. Let a(n) = n + n**2 + 0 + 3 - j*n**2 - 6*n. Give a(-5).
3
Let v(n) = 111 - 229 + n**2 + 2*n + 111. What is v(5)?
28
Suppose 2*u = -65*v + 63*v + 4, 0 = 3*u + 2*v - 1. Let x(c) = c**3 + 2*c**2 - 6*c + 2. Determine x(u).
11
Let z(s) be the second derivative of -s**4/12 + 2*s**3/3 - s**2/2 - 3*s - 2. Let y be (5/2)/(30/24). Give z(y).
3
Let d(b) = b**3 - 6*b**2 - 5*b + 4. Let l = -62 + 68. Calculate d(l).
-26
Suppose -23*x = -20 + 66. Let l(p) = 0*p + 1 - 3 - 9*p. What is l(x)?
16
Let t(b) = -b**3 - 7*b**2 - 6*b - 1. Let x be t(-5). Let z be 198/x + (-2)/(42/(-9)). Let i(h) = h + 8. Calculate i(z).
-1
Let r(i) be the second derivative of 0 + 15*i + 1/6*i**3 - 7/2*i**2. Determine r(0).
-7
Let h(v) = -8797*v**3 + 2 - 6*v**2 + 0 + 8798*v**3. Determine h(6).
2
Let l(w) be the third derivative of w**6/360 + w**5/40 + w**4/4 - 5*w**3/3 - 29*w**2. Let j(g) be the first derivative of l(g). Calculate j(-4).
10
Let y(z) = z**2 + 4*z + 1. Let h(i) = -3*i**2 - 7*i + 6. Let s be h(2). Suppose 0 = 3*w + 28 + 17. Let k = s - w. What is y(k)?
6
Suppose 5*r = -5*z, 0 = -5*r - 4*z - 19 + 14. Let w(i) = -i**3 - 2*i**2 + i - 5. What is w(r)?
65
Let d(l) be the third derivative of -l**6/120 + l**5/10 + l**4/3 - 3*l**3/2 + 124*l**2. What is d(7)?
-2
Let g = 328 - 327. Let v(f) = 7*f - 1. What is v(g)?
6
Let d(k) be the first derivative of -5*k**2/2 - 6*k - 5. Give d(-8).
34
Suppose -6*z + 21 = -3. Let a(v) = v**3 - 4*v**2 + 2*v - 9. Determine a(z).
-1
Suppose 794*r = 793*r - 7. Let j(q) = q**3 - 2*q + 7*q + 16*q**2 - 8*q**2 + 3. Calculate j(r).
17
Let b be (-2)/(-4) + 2/(-4). Let y(o) = 12*o - o**2 + 1 + 12*o - 19*o + b*o**2. Determine y(5).
1
Let r(i) be the third derivative of -7*i**5/60 - i**4/8 + i**3/6 + 146*i**2 + 3. Determine r(-3).
-53
Suppose -25 = -3*k + 8*k. Let r(h) be the second derivative of -h**5/20 - h**4/2 - 5*h**3/6 - 3*h**2 + 18*h. Determine r(k).
-6
Suppose 0 = 12*t - 29*t + 119. Let n(r) = -6 + 5*r**3 + t*r**2 - 15*r**3 + 9*r**3. What is n(7)?
-6
Let b(o) = 2*o**2 + 53*o - 22*o + o**2 + 3 - 18*o - 10*o. What is b(-3)?
21
Let i(w) be the third derivative of w**6/720 + w**5/30 - w**4/3 - 15*w**2. Let y(z) be the second derivative of i(z). Calculate y(3).
7
Let r(l) be the second derivative of l**5/20 + l**4/2 + l**3/3 + l**2/2 - 8*l - 1. Let x = 7 - -7. Suppose 2*u = -4*k - x - 18, -5*u - k = 35. Calculate r(u).
-11
Let k be (-2 + 5)*15/9. Suppose -4*b + 5*m = 35, -2*b + 1 = k*m - 4. Let s(n) = -4*n - 6. Calculate s(b).
14
Let n(i) be the third derivative of -i**9/60480 + i**8/4032 + i**7/1008 + i**6/720 - i**5/30 + 2*i**2. Let j(q) be the third derivative of n(q). What is j(6)?
-5
Let j(i) = -2*i + 5. Let p be 9/2 - 1/2. Suppose k - 113 = -4*m + p*k, k = -5*m + 165. Suppose 12 = 2*o + n, 3*o + 0*o - m = -5*n. Calculate j(o).
-3
Let f be 2/(-2) + (2 - 6) + 8. Let t(j) = -7*j**3 + 7*j**2 + 8*j. Let b(a) = -4*a**3 + 4*a**2 + 4*a. Let n(s) = f*t(s) - 5*b(s). Determine n(3).
-6
Suppose 11 - 6 = 5*s. Let p(v) = 5*v - 4*v + 1 + s + 2*v + v**2. Give p(-4).
6
Let y(j) = 2*j - 3*j + 5 - 1. Let u be (-1)/3 + (-8)/(-6). Suppose -2*t - 7 = u. Give y(t).
8
Let s be 714/56*(-16)/(-2). Let u = s - 107. Let f(c) = c - 1. What is f(u)?
-6
Let y(z) = -z + 7. Let a(r) = 2*r - 17. Let i be a(9). Let w(b) = b**2 - 4*b + 3. Let x be w(i). What is y(x)?
7
Let h = -32 + 34. Suppose -4*t - i - 61 = 0, -h*t - 4*i - 48 + 14 = 0. Let c be 6/t - (-64)/10. Let v(o) = o**3 - 7*o**2 + 4*o - 5. Give v(c).
-17
Suppose w + 21 = -2*w. Let y(h) = -3*h**2 + 209*h - 13. Let f(k) = k**2 - 51*k - 1. Let t(i) = -4*f(i) - y(i). What is t(w)?
3
Let p(w) = 4 + 4 - 20*w - 15*w - 25*w + 62*w. Determine p(7).
22
Let m(h) be the first derivative of h**3/3 - 4*h**2 + 4*h - 106. Give m(6).
-8
Let j(w) = 13*w**3 - 5*w**2 + w + 1. Let s(v) = -16*v**3 + 6*v**2 - 2*v. Let a(z) = 5*j(z) + 4*s(z). Give a(2).
3
Let t(u) be the second derivative of -u**3/6 - 33*u**2/2 + 2*u + 69. Determine t(-14).
-19
Let o(b) be the second derivative of -b**5/20 + 5*b**4/12 - b**3 + b**2 - 2*b - 12. Let h = 10 - 6. What is o(h)?
-6
Let y(m) = m**3 + 10*m**2 - 41*m - 32. Let s be y(-13). Let i(o) = -o**2 - 7*o - 11. What is i(s)?
-5
Let f = -2247 - -2245. Let z(m) = -m**3 + m**2 + 10*m + 15. Calculate z(f).
7
Let h(f) = 2*f + 42. Let t be h(-25). Let y(z) = -z**3 - 7*z**2 + 4*z - 10. Calculate y(t).
22
Let z(n) = n**3 + 2*n**2 + 2*n + 1. Let i be z(-2). Let b be (i - (4 + -1)) + 1. Let v(w) be the second derivative of w**3/6 - w**2/2 - w. What is v(b)?
-6
Let j be 3/(-2)*(7/21 - 1). Let l(a) = -a**2 + 4*a + 11. Suppose 6 = -3*o - 3. Let s(p) = p + 1. Let f(m) = j*l(m) + o*s(m). What is f(0)?
8
Let z(o) = 24*o - 105. Let k(y) = 3*y - 14. Let q(d) = 33*k(d) - 4*z(d). Calculate q(15).
3
Let s(v) = 17*v**3 + 6*v**2 + 4*v - 9. Let l(m) = 8*m**3 + 3*m**2 + 2*m - 4. Let c(t) = 13*l(t) - 6*s(t). Let h be -2 + -2 - (-3 - -1). Give c(h).
-6
Suppose -3*t - 3*a - 8 = 2*a, -5*t = 2*a + 7. Let l(n) = 7*n**2. Give l(t).
7
Suppose -5*k = -4*h - 12, -3 = 8*h - 7*h - 5*k. Let m(g) = 2*g**3 + 5*g**2 + 4*g + 2. Give m(h).
-19
Let l(d) be the first derivative of 11*d**2 - 2*d - 70. What is l(-1)?
-24
Let v(p) = -10*p - 7. Let w(h) = -7*h - 5. Let s(x) = 5*v(x) - 7*w(x). Determine s(0).
0
Let l(b) = -b + 2. Let w(k) = 2*k + 6. Let x(d) = -3*l(d) - w(d). Suppose -4*u = m - 35, 0*u + 2*m = 4*u - 50. What is x(u)?
-2
Suppose 0 = 4*i - 3 - 5. Let m(g) be the first derivative of g**i + 5 - 6*g + 4*g + 6*g. What is m(-3)?
-2
Let t(b) = -2*b - 3 - 2 - 2 - 5*b - b. Give t(3).
-31
Let r be (2 + -9 + 5)*2. Let l(b) be the second derivative of -b**3/6 - 3*b**2 - 9*b. What is l(r)?
-2
Let j(r) = -r**3 - 7*r**2 - 7*r + 5. Suppose -z - 4 = -y, 0 = y - 3*z - 0*z - 12. Suppose -3*v - 2*m = 8, v - 4*m + 26 = -y*v. What is j(v)?
11
Let y = 15 + -10. Let h(s) = 2*s - s**3 + 5*s**2 + 17 - 29 + 17. Calculate h(y).
15
Let p(z) = 0*z - 1 - 4*z + 8*z. Suppose -2 - 12 = -7*q. Give p(q).
7
Let d = -83 - -45. Let b = 30 + d. Let z(t) = -3*t**2 + 19*t + 9. Let k(i) = -4*i**2 + 28*i + 13. Let j(w) = 5*k(w) - 7*z(w). Calculate j(b).
10
Let u(t) = -10 - 4 - 14 - t**2 + 14 + 5*t + 4*t. What is u(9)?
-14
Let c be 7 - (28/(-182) - (-2)/13). Let x(f) = 7*f - 51. What is x(c)?
-2
Let i(a) be the second derivative of -a**4/12 - 9*a**3/2 + 23*a**2/2 + 52*a - 2. What is i(-28)?
-5
Let j(a) = -2*a**2 - 10*a + 6. Let l(h) = -5*h**2 - 22*h + 12. Let n(q) = 7*j(q) - 3*l(q). Determine n(6).
18
Let v(f) = f. Let c be v(-3). Let k(s) = -3 + 13*s + 8*s - 23*s + 4. Give k(c).
7
Let w(q) = 8*q - 1. Let z(u) = 51*u + 25. Let d(a) = 6*w(a) - z(a). Give d(-9).
-4
Suppose 5 = 4*j - 15. Let p(q) = -31 + 3*q + 34 - 5*q. Give p(j).
-7
Let h(i) = -4*i + 17 - 13*i + 32*i - 11*i - 13. What is h(-3)?
-8
Let r(u) = u**3 + 6*u**2 + 3. Suppose -2*b - 2*y = -0*b + 8, 5*b - 5*y = -40. Give r(